 when i(y) is divided by 111.
108
Let w = 853 + -552. Suppose -12*y + 455 = -w. Calculate the remainder when y is divided by 11.
8
Suppose -5*i = -b - 87 + 3, 0 = -5*b + 5. Let n(f) = 2*f + i - 2*f - 8 + f. Calculate the remainder when 35 is divided by n(3).
11
Let h(k) = -k**2 - 3*k - 4. Let r be h(-3). Let t(d) = 2*d**2 + 6*d - 5. Let o be t(r). Suppose o*f + 16 = 4*f. Calculate the remainder when f is divided by 6.
4
Let o(j) = -j**3 + 2*j**2 + 4*j + 13. Let p be o(4). Calculate the remainder when 39 is divided by (-20)/(-2) - (-2 + p).
9
Suppose -18*l + 3*l + 600 = 0. Suppose -31*c = -25*c - 84. What is the remainder when l is divided by c?
12
Let p(u) = -u**3 + 11*u**2 - 7*u + 5. What is the remainder when p(7) is divided by (2 + (-42)/7)/(16/(-56))?
12
What is the remainder when (-11 + -1 + 11)*-64 is divided by 34?
30
Let n(v) = 126*v - 3485. What is the remainder when 272 is divided by n(28)?
14
Let m = -14 + 9. Let u = 12 + m. Let r = 10195 + -10169. What is the remainder when r is divided by u?
5
Suppose -209*q + 32169 = 502*q - 109*q + 6283. Suppose l - 36 = -0*l. Suppose 0*u + 3*u - l = 0. What is the remainder when q is divided by u?
7
Let h = 96 - 17. Suppose -3781 + 8571 = 21*p - 5*g, 222 = p - g. What is the remainder when p is divided by h?
72
Calculate the remainder when 684/(-24)*748/(-51) is divided by 229.
189
Let s be 3/(-6)*(-4)/2. Let a = 3803 - 3801. Calculate the remainder when (s - 142/(-4))*a is divided by 15.
13
Suppose 2*f + 60 = -2*l, l - 2*f + 34 = -5*f. Let b(q) = 32 - 6*q - 22 + 78 + 5*q. What is the remainder when b(l) is divided by 30?
26
Suppose 0 = 158*n - 141*n - 486 - 840. Calculate the remainder when 92 is divided by n.
14
Suppose -526 + 188 = -2*x. Calculate the remainder when x is divided by (11 - 8) + 7 - -50.
49
What is the remainder when 778 is divided by (60/7)/(51/357)?
58
Let d be -1*7*(24/(-4))/6. Suppose 183 = d*w + 50. What is the remainder when 31 is divided by w?
12
Let z = -75 + -207. Calculate the remainder when 164 is divided by z/(-8) - (-45)/60.
20
Suppose 0 = 13*l - 2*l - 28643 + 5169. What is the remainder when l is divided by 42?
34
Let s(k) = k**2 + 59. Let g be s(11). Let m = g - 160. Calculate the remainder when 38 is divided by m.
18
Suppose 15655 = -39*o + 72790. What is the remainder when o is divided by 728?
9
Suppose 5*u = 305 + 765. Calculate the remainder when u is divided by 8/(-24)*(-25 - -4).
4
Let j(l) = 24*l + 19. Let n be j(9). Suppose 8*q - 101 = n. Calculate the remainder when 83 is divided by q.
41
Suppose -237*i + 781 + 2819 = -213*i. What is the remainder when 902 is divided by i?
2
Let q = -2101 - -2122. What is the remainder when 83*8/20*5 is divided by q?
19
Let m(v) = -241*v + 5402. Let f = 12 - -5. What is the remainder when m(22) is divided by f?
15
Let c = -530 - -532. Suppose -o = c*p - 127, -4*p + 53 + 194 = -5*o. Calculate the remainder when p is divided by 26.
11
Let p(u) = -3*u - 29. Suppose s = 20 - 16, 0 = 5*o - 5*s + 75. What is the remainder when 21 is divided by p(o)?
1
Let b(g) = -7 - 7*g - 4 + 7 + 9*g. What is the remainder when 88 is divided by b(7)?
8
Let g be 2/13 + 80*(-8)/104. Let c(a) = a**3 + 9*a**2 - 8*a + 9. Calculate the remainder when c(g) is divided by 44.
33
Let a be 44 - 4 - (-5)/(10/4). Let m be 1*141 + (-7)/(a/18). Suppose g - 4*g + m = 0. What is the remainder when g is divided by 16?
14
Calculate the remainder when 314/(-14601) + 35718/279 is divided by (-3)/(-4)*(1 - -83).
2
Let k(z) = 22*z**2 - 52*z + 272. Calculate the remainder when k(5) is divided by 547.
15
Let c(a) = a**2 + 19*a + 23. Let u be c(-18). Let b(j) = j**3 - 3*j**2 - 2*j - 17. Calculate the remainder when b(u) is divided by 23.
0
Let g = -175 - -194. Suppose g*c = 14*c + 610. Calculate the remainder when c is divided by 21.
17
Let t = -15801 + 22196. Calculate the remainder when t is divided by 12.
11
Let p = -3682 - -4009. Calculate the remainder when 652 is divided by p.
325
Suppose -2*o + 0*o = -30. Let t be -19 + 26 - 74/2. Calculate the remainder when 63 is divided by (22/(-4))/(o/t).
8
Let g = -3353 - -6088. Calculate the remainder when g is divided by 20.
15
Suppose -249 = v - 11*v + 511. Calculate the remainder when v is divided by 158/14 + 2/(-7).
10
Let u(m) = -295*m - 1691. Calculate the remainder when u(-63) is divided by 33.
31
Suppose -73*v + 68*v = -2*l + 72, -2*l + 48 = 7*v. Calculate the remainder when 1690/14 + (-2)/(-7) is divided by l.
28
Let m(z) = 11*z**2 + 2*z + 8. Let k = 306 - 308. What is the remainder when 94 is divided by m(k)?
46
Let p(w) = 51*w + 60 + 5*w**2 - 8*w**2 - 55. What is the remainder when p(6) is divided by 46?
19
Suppose 31*w - 862 = -5*w - 70. Suppose 43 = 5*b - 482. Calculate the remainder when b is divided by w.
17
Let o(l) = 2*l**2 - 4*l - 47. Let h be 2/(-30) - 7052/645. What is the remainder when o(h) is divided by 12?
11
Suppose -4*j + 2*i + 2952 = 0, -14*j + 11*j = 3*i - 2205. Let z = j + -676. What is the remainder when z is divided by 22?
17
Suppose -31*c + 99*c - 236373 - 75203 = 0. Calculate the remainder when c is divided by 255.
247
Let h be (3/6)/(3/18). Suppose -5*d + 160 = 5*l, 0*l - 150 = -5*d - h*l. What is the remainder when 1820/455*(-133)/(-4) is divided by d?
25
Let l(s) = s**3 + 18*s**2 + 13*s - 15. Calculate the remainder when 213 - (3 + -1 + 0) is divided by l(-17).
52
Let j = 108 - 105. Suppose 45 = -5*z - j*d, -4*z + 3*d + 3 = -2*z. Calculate the remainder when 17 is divided by ((-35)/21 - -1) + (-34)/z.
2
Let x be (33 + -24)*51/1. Let y = x + -377. Calculate the remainder when y is divided by 37.
8
Let r = -391 - -476. What is the remainder when 1187 is divided by r?
82
Suppose 0*n - p - 1 = -n, 2*n + 5*p = 16. Suppose 0 = n*q + q - 28. What is the remainder when q is divided by (-96)/(-32) - (-2 - (-4 + 2))?
1
Suppose 6 = 3*c - 0. Let t(b) = 2*b**2 - 6*b + 7. Suppose -4*f + 30 = 3*k, -3*k = -4*f - 4*k + 26. What is the remainder when f is divided by t(c)?
0
Let p = 1461 - 412. What is the remainder when p is divided by 70?
69
Suppose 4*z - 2*x + 8*x - x - 1646 = 0, 4*x = 40. Let a(i) = 10*i**2 - 3*i. What is the remainder when z is divided by a(3)?
75
Let h(s) = -s**2 + 31*s - 169. Let x = 577 - 333. Calculate the remainder when x is divided by h(21).
39
Let n = 19980 - 19675. Calculate the remainder when n is divided by 69.
29
Suppose -185*l + 16 = -177*l. Calculate the remainder when 9 is divided by l.
1
Suppose -19*h = 2*h - 8736. Suppose -2*t + 3*z + h = 0, -193 - 41 = -t - 5*z. What is the remainder when t is divided by 12?
10
Suppose 2*a - 72 = -2*s - 2*s, -s + 18 = a. Suppose 224 = -4*t + s*t. Calculate the remainder when 28 is divided by t.
12
Let a be (-4575)/(-61)*(-6)/10. Calculate the remainder when 119 is divided by (3 + 144/a)*-95.
5
Let g(s) = -2*s**3 + 9*s**2 + s - 2. Let w be g(-6). Let n = -710 + w. What is the remainder when 40 is divided by n?
2
Suppose -d + 22 = 5*s, -20 = -2*d - 3*s - s. Suppose 0 = -d*f - 2*z + 64, -2*f + 3*z = -3 - 56. What is the remainder when 140 is divided by f?
16
Suppose o + 3*w - 597 = -563, -3*w - 78 = -3*o. What is the remainder when 2490 is divided by o?
26
Suppose -f + 21 = -97. Let a = f - 133. Calculate the remainder when 31 is divided by 1/1 - (4 + a).
7
Suppose -2*n + 129 = 5*b, -7 = 2*b - 3*n - 51. Let r(q) = -3*q + 167. What is the remainder when r(b) is divided by 47?
45
Let o(h) = h**3 - 4*h**2 - 2*h - 12. Let u be o(5). Let g = 0 + u. Suppose g*v + 116 = 7*v. Calculate the remainder when v is divided by 8.
5
Let n(m) = -m**2 + 4*m + 61. Let p be n(17). Let s = 32 - p. Calculate the remainder when s is divided by 18.
12
Suppose 0*m - 4*m = -28*m + 307272. What is the remainder when m is divided by 12?
11
Let t(c) = 9*c - 75. Let p be t(-8). Let d = 57 - p. What is the remainder when d is divided by 30?
24
Suppose 118 - 615 = -7*c. Let y = c + -67. Suppose 2*q - 193 = -y*i + 5, 3*i - q = 136. What is the remainder when i is divided by 10?
7
Let l be ((87 - -10)*1)/(1/(-3)). Let z = 302 + l. Suppose -s - 8 + 50 = 0. What is the remainder when s is divided by z?
9
Let z(q) = q**3 - 6*q**2 + 1. Suppose -38 + 6 = -2*v. Let g(u) = 2*u - 25. Let s be g(v). What is the remainder when 247 is divided by z(s)?
47
Let s = -2480 + 2501.